me factors of 47675?
5, 1907
List the prime factors of 500.
2, 5
What are the prime factors of 50950?
2, 5, 1019
What are the prime factors of 2179?
2179
What are the prime factors of 380?
2, 5, 19
List the prime factors of 17623.
17623
List the prime factors of 4487.
7, 641
What are the prime factors of 65577?
3, 21859
List the prime factors of 373.
373
What are the prime factors of 7069?
7069
List the prime factors of 112530.
2, 3, 5, 11, 31
What are the prime factors of 636?
2, 3, 53
List the prime factors of 3797.
3797
What are the prime factors of 3982?
2, 11, 181
List the prime factors of 2170.
2, 5, 7, 31
List the prime factors of 64659.
3, 7, 3079
List the prime factors of 11892.
2, 3, 991
What are the prime factors of 46527?
3, 13, 1193
What are the prime factors of 151?
151
List the prime factors of 17541.
3, 1949
What are the prime factors of 775?
5, 31
What are the prime factors of 432?
2, 3
What are the prime factors of 347?
347
What are the prime factors of 68846?
2, 29, 1187
List the prime factors of 41311.
109, 379
What are the prime factors of 15703?
41, 383
List the prime factors of 3664.
2, 229
List the prime factors of 32196.
2, 3, 2683
What are the prime factors of 34102?
2, 17, 59
List the prime factors of 942.
2, 3, 157
What are the prime factors of 7507?
7507
What are the prime factors of 34363?
7, 4909
What are the prime factors of 582?
2, 3, 97
List the prime factors of 773.
773
List the prime factors of 65400.
2, 3, 5, 109
What are the prime factors of 3062?
2, 1531
What are the prime factors of 5274?
2, 3, 293
What are the prime factors of 4327?
4327
List the prime factors of 3963.
3, 1321
What are the prime factors of 80958?
2, 3, 103, 131
List the prime factors of 4333.
7, 619
What are the prime factors of 100083?
3, 73, 457
List the prime factors of 66853.
66853
What are the prime factors of 1819?
17, 107
List the prime factors of 1139.
17, 67
What are the prime factors of 142942?
2, 71471
What are the prime factors of 4558?
2, 43, 53
What are the prime factors of 8355?
3, 5, 557
What are the prime factors of 313?
313
What are the prime factors of 5532?
2, 3, 461
What are the prime factors of 26756?
2, 6689
What are the prime factors of 1802?
2, 17, 53
What are the prime factors of 1133?
11, 103
List the prime factors of 866.
2, 433
What are the prime factors of 6038?
2, 3019
List the prime factors of 2087.
2087
What are the prime factors of 20379?
3, 6793
What are the prime factors of 185?
5, 37
What are the prime factors of 775?
5, 31
What are the prime factors of 19?
19
What are the prime factors of 2096?
2, 131
What are the prime factors of 3794?
2, 7, 271
List the prime factors of 35864.
2, 4483
List the prime factors of 2888.
2, 19
List the prime factors of 2206.
2, 1103
List the prime factors of 2706.
2, 3, 11, 41
What are the prime factors of 3561?
3, 1187
What are the prime factors of 1548?
2, 3, 43
List the prime factors of 9729.
3, 23, 47
What are the prime factors of 5570?
2, 5, 557
What are the prime factors of 2869?
19, 151
What are the prime factors of 1082?
2, 541
List the prime factors of 25967.
23, 1129
List the prime factors of 666.
2, 3, 37
What are the prime factors of 7919?
7919
List the prime factors of 4170.
2, 3, 5, 139
What are the prime factors of 4165?
5, 7, 17
What are the prime factors of 122590?
2, 5, 13, 23, 41
What are the prime factors of 1403?
23, 61
What are the prime factors of 37063?
13, 2851
What are the prime factors of 1377?
3, 17
What are the prime factors of 977?
977
What are the prime factors of 2916?
2, 3
What are the prime factors of 42325?
5, 1693
List the prime factors of 1001.
7, 11, 13
What are the prime factors of 945?
3, 5, 7
List the prime factors of 4910.
2, 5, 491
List the prime factors of 45450.
2, 3, 5, 101
What are the prime factors of 1026?
2, 3, 19
List the prime factors of 3724.
2, 7, 19
What are the prime factors of 16009?
7, 2287
What are the prime factors of 1517?
37, 41
List the prime factors of 8984.
2, 1123
List the prime factors of 359.
359
List the prime factors of 112880.
2, 5, 17, 83
What are the prime factors of 2908?
2, 727
List the prime factors of 60235.
5, 7, 1721
List the prime factors of 89202.
2, 3, 14867
What are the prime factors of 1298?
2, 11, 59
List the prime factors of 14723.
14723
What are the prime factors of 370?
2, 5, 37
What are the prime factors of 1148?
2, 7, 41
What are the prime factors of 53?
53
What are the prime factors of 44955?
3, 5, 37
What are the prime factors of 7494?
2, 3, 1249
List the prime factors of 53119.
11, 439
List the prime factors of 2307.
3, 769
List the prime factors of 525.
3, 5, 7
List the prime factors of 941.
941
List the prime factors of 2327.
13, 179
List the prime factors of 1399.
1399
List the prime factors of 2122.
2, 1061
List the prime factors of 823.
823
List the prime factors of 894.
2, 3, 149
List the prime factors of 19592.
2, 31, 79
What are the prime factors of 731?
17, 43
List the prime factors of 4784.
2, 13, 23
What are the prime factors of 28070?
2, 5, 7, 401
List the prime factors of 24826.
2, 12413
What are the prime factors of 769?
769
What are the prime factors of 123233?
11, 17, 659
List the prime factors of 18852.
2, 3, 1571
What are the prime factors of 29319?
3, 29, 337
What are the prime factors of 32?
2
What are the prime factors of 19558?
2, 7, 11, 127
List the prime factors of 3196.
2, 17, 47
What are the prime factors of 156148?
2, 103, 379
List the prime factors of 56928.
2, 3, 593
List the prime factors of 3262.
2, 7, 233
What are the prime factors of 28379?
13, 37, 59
List the prime factors of 100242.
2, 3, 5569
List the prime factors of 1752.
2, 3, 73
List the prime factors of 989.
23, 43
What are the prime factors of 2440?
2, 5, 61
List the prime factors of 7233.
3, 2411
List the prime factors of 258.
2, 3, 43
What are the prime factors of 564?
2, 3, 47
List the prime factors of 8500.
2, 5, 17
List the prime factors of 1224.
2, 3, 17
What are the prime factors of 18935?
5, 7, 541
What are the prime factors of 4270?
2, 5, 7, 61
List the prime factors of 2178.
2, 3, 11
List the prime factors of 84136.
2, 13, 809
What are the prime factors of 5496?
2, 3, 229
List the prime factors of 4949.
7, 101
What are the prime factors of 2494?
2, 29, 43
List the prime factors of 348.
2, 3, 29
List the prime factors of 5791.
5791
What are the prime factors of 85484?
2, 7, 43, 71
List the prime factors of 23476.
2, 5869
List the prime factors of 90894.
2, 3, 15149
What are the prime factors of 912?
2, 3, 19
List the prime factors of 259.
7, 37
List the prime factors of 1642.
2, 821
List the prime factors of 15254.
2, 29, 263
What are the prime factors of 10267?
10267
What are the prime factors of 273?
3, 7, 13
What are the prime factors of 1889?
1889
List the prime factors of 20209.
7, 2887
What are the prime factors of 312?
2, 3, 13
What are the prime factors of 7686?
2, 3, 7, 61
What are the prime factors of 66861?
3, 17, 19, 23
List the prime factors of 462.
2, 3, 7, 11
List the prime factors of 34413.
3, 11471
What are the prime factors of 163806?
2, 3, 23, 1187
List the prime factors of 1141.
7, 163
List the prime factors of 2001.
3, 23, 29
List the prime factors of 29333.
29333
What are the prime factors of 2723?
7, 389
What are the prime factors of 863?
863
What are the prime factors of 3887?
13, 23
What are the prime factors of 64287?
3, 2381
List the prime factors of 1479.
3, 17, 29
What are the prime factors of 1129?
1129
List the prime factors of 780.
2, 3, 5, 13
What are the prime factors of 9334?
2, 13, 359
What are the prime factors of 9850?
2, 5, 197
List the prime factors of 29247.
3, 9749
What are the prime factors of 8147?
8147
What are the prime factors of 73891?
19, 3889
What are the prime factors of 90?
2, 3, 5
What are the prime factors of 1015?
5, 7, 29
What are the prime factors of 2021?
43, 47
List the prime factors of 1795.
5, 359
What are the prime factors of 4505?
5, 17, 53
List the prime factors of 33640.
2, 5, 29
What are the prime factors of 820?
2, 5, 41
What are the prime factors of 19484?
2, 4871
List the prime factors of 352.
2, 11
List the prime factors of 109352.
2, 13669
List the prime factors of 52.
2, 13
List the prime factors of 80